3302
Convert -3 (base 9) to base 4.
-3
Convert 2 (base 9) to base 7.
2
What is 35 (base 12) in base 9?
45
Convert -3 (base 10) to base 15.
-3
What is 7 (base 15) in base 10?
7
100 (base 2) to base 9
4
-65 (base 15) to base 10
-95
Convert 5 (base 8) to base 16.
5
24 (base 5) to base 15
e
Convert 5 (base 12) to base 11.
5
What is b (base 13) in base 11?
10
3 (base 12) to base 7
3
-1101010 (base 2) to base 13
-82
Convert -8 (base 15) to base 2.
-1000
Convert 0 (base 6) to base 4.
0
8 (base 10) to base 2
1000
Convert -1011 (base 2) to base 14.
-b
What is -224 (base 8) in base 14?
-a8
What is -5 (base 8) in base 4?
-11
What is -1020 (base 3) in base 2?
-100001
What is 5 (base 7) in base 12?
5
What is -7 (base 8) in base 2?
-111
Convert -2 (base 8) to base 7.
-2
Convert 2 (base 10) to base 4.
2
What is 112 (base 7) in base 2?
111010
Convert -117 (base 15) to base 2.
-11110111
What is -3 (base 11) in base 15?
-3
Convert -167 (base 8) to base 13.
-92
What is -3 (base 9) in base 4?
-3
What is -365 (base 10) in base 7?
-1031
Convert 161 (base 10) to base 4.
2201
-3 (base 6) to base 5
-3
Convert -2a (base 13) to base 4.
-210
Convert 28 (base 10) to base 9.
31
a (base 13) to base 10
10
33 (base 4) to base 11
14
What is -2 (base 5) in base 6?
-2
What is 3 (base 11) in base 8?
3
Convert 29 (base 16) to base 15.
2b
Convert -5 (base 7) to base 3.
-12
What is -1 (base 11) in base 7?
-1
Convert 24 (base 5) to base 12.
12
-6 (base 12) to base 3
-20
Convert -3 (base 13) to base 16.
-3
What is e (base 16) in base 9?
15
What is -104 (base 6) in base 3?
-1111
What is -2 (base 15) in base 4?
-2
Convert 2 (base 3) to base 14.
2
What is -25 (base 9) in base 3?
-212
-1 (base 12) to base 7
-1
111 (base 6) to base 13
34
What is -4 (base 14) in base 3?
-11
d (base 16) to base 11
12
Convert 50 (base 7) to base 5.
120
-3 (base 6) to base 9
-3
What is 1011 (base 2) in base 14?
b
3 (base 6) to base 9
3
0 (base 10) to base 11
0
What is -4 (base 14) in base 2?
-100
Convert -1110 (base 3) to base 6.
-103
What is -30 (base 16) in base 15?
-33
What is 10 (base 6) in base 4?
12
-21010 (base 3) to base 9
-233
91 (base 15) to base 4
2020
Convert 9c (base 14) to base 11.
116
25 (base 8) to base 15
16
11 (base 11) to base 14
c
22 (base 3) to base 9
8
4b (base 12) to base 4
323
Convert -2 (base 9) to base 8.
-2
What is 2 (base 10) in base 7?
2
-12 (base 4) to base 14
-6
21 (base 11) to base 13
1a
-2 (base 9) to base 3
-2
Convert -25 (base 13) to base 4.
-133
2 (base 9) to base 2
10
4 (base 7) to base 16
4
38 (base 10) to base 9
42
6 (base 12) to base 15
6
-330 (base 8) to base 3
-22000
What is -3 (base 6) in base 15?
-3
What is -11 (base 5) in base 3?
-20
-3 (base 9) to base 5
-3
What is 4 (base 16) in base 13?
4
6 (base 12) to base 2
110
64 (base 10) to base 8
100
Convert 12 (base 15) to base 8.
21
2 (base 12) to base 13
2
What is -111 (base 10) in base 14?
-7d
Convert 1 (base 7) to base 16.
1
Convert -1 (base 8) to base 14.
-1
-110 (base 2) to base 13
-6
Convert 178 (base 12) to base 16.
ec
-1111 (base 3) to base 12
-34
What is -28 (base 10) in base 9?
-31
What is -60 (base 11) in base 6?
-150
What is 2 (base 11) in base 14?
2
-1 (base 3) to base 4
-1
Convert -12 (base 15) to base 6.
-25
Convert 5 (base 15) to base 8.
5
-2 (base 7) to base 2
-10
What is 16 (base 10) in base 9?
17
Convert 23 (base 14) to base 7.
43
27 (base 16) to base 3
1110
What is 141 (base 5) in base 7?
64
-12 (base 15) to base 13
-14
Convert 111012 (base 3) to base 4.
11210
What is -44 (base 6) in base 10?
-28
Convert -11 (base 11) to base 7.
-15
What is -204 (base 6) in base 14?
-56
Convert 46 (base 11) to base 16.
32
-20 (base 5) to base 11
-a
Convert -4 (base 5) to base 4.
-10
2 (base 8) to base 6
2
What is -324 (base 6) in base 16?
-7c
9 (base 13) to base 9
10
-2 (base 8) to base 16
-2
1 (base 4) to base 14
1
What is -1 (base 12) in base 2?
-1
9 (base 16) to base 8
11
Convert -31 (base 13) to base 5.
-130
Convert 313 (base 8) to base 6.
535
-22 (base 7) to base 8
-20
Convert 11000101 (base 2) to base 8.
305
12022 (base 3) to base 14
a3
What is 0 (base 15) in base 14?
0
What is 10001 (base 2) in base 4?
101
What is 1 (base 2) in base 10?
1
Convert -51 (base 15) to base 4.
-1030
Convert 8 (base 16) to base 14.
8
-a (base 12) to base 6
-14
-2 (base 6) to base 9
-2
Convert -18 (base 9) to base 10.
-17
35 (base 7) to base 11
24
What is -11010 (base 2) in base 10?
-26
10 (base 6) to base 16
6
Convert -16 (base 16) to base 13.
-19
16 (base 9) to base 13
12
What is 51 (base 15) in base 8?
114
What is 3210 (base 4) in base 6?
1020
-14 (base 5) to base 11
-9
Convert 9 (base 12) to base 11.
9
Convert -11000000 (base 2) to base 12.
-140
-6 (base 8) to base 5
-11
What is -46 (base 16) in base 6?
-154
-1100010 (base 2) to base 11
-8a
-11323 (base 4) to base 11
-315
What is 10 (base 6) in base 10?
6
What is 21 (base 13) in base 8?
33
19 (base 10) to base 12
17
1 (base 14) to base 2
1
What is -d (base 14) in base 11?
-12
Convert c7 (base 15) to base 4.
2323
Convert 5d (base 15) to base 7.
154
-4 (base 8) to base 4
-10
What is 1 (base 12) in base 5?
1
Convert 10011 (base 4) to base 8.
405
-17c (base 13) to base 10
-272
What is 2 (base 3) in base 4?
2
Convert -10 (base 10) to base 7.
-13
Convert 11 (base 13) to base 14.
10
What is -111000 (base 2) in base 15?
-3b
-24 (base 11) to base 2
-11010
Convert -6 (base 13) to base 10.
-6
What is 164 (base 11) in base 4?
2333
11 (base 6) to base 4
13
9a (base 12) to base 9
141
-63 (base 10) to base 7
-120
7 (base 10) to base 4
13
What is -38 (base 15) in base 9?
-58
16 (base 10) to base 5
31
-14c (base 14) to base 12
-1a0
What is 30 (base 5) in base 4?
33
-3 (base 13) to base 14
-3
Convert 28 (base 10) to base 4.
130
2 (base 12) to base 3
2
Convert 4 (base 11) to base 8.
4
Convert a3 (base 16) to base 8.
243
What is -72 (base 15) in base 3?
-10222
Convert 12 (base 6) to base 8.
10
What is 0 (base 7) in base 13?
0
What is -10010 (base 2) in base 4?
-102
1 (base 11) to base 2
1
What is 10 (base 2) in base 13?
2
0 (base 8) to base 11
0
What is -5 (base 13) in base 16?
-5
Convert -20211 (base 3) to base 15.
-c4
16 (base 9) to base 2
1111
-303 (base 4) to base 11
-47
2 (base 9) to base 15
2
What is 0 (base 8) in base 11?
0
122 (base 5) to base 15
27
Convert a (base 13) to base 2.
1010
Convert 8 (base 13) to base 9.
8
What is 0 (base 14) in base 6?
0
What is -3c (base 16) in base 4?
-330
What is 156 (base 9) in base 8?
204
Convert -15 (base 13) to base 9.
-20
-13 (base 7) to base 13
-a
What is -13 (base 15) in base 14?
-14
Convert -d (base 16) to base 14.
-d
1323 (base 5) to base 14
113
Convert 231 (base 5) to base 13.
51
14 (base 7) to base 12
b
Convert -2 (base 6) to base 2.
-10
1 (base 2) to base 11
1
What is 3 (base 16) in base 9?
3
Convert -63 (base 11) to base 10.
-69
1 (base 15) to base 6
1
Convert -50 (base 15) to base 10.
-75
What is 3 (base 10) in base 14?
3
What is 2 (base 16) in base 13?
2
21 (base 5) to base 14
b
-2e (base 15) to base 13
-35
-272 (base 8) to base 3
-20220
What is 0 (base 7) in base 13?
0
-2 (base 16) to base 6
-2
-1 (base 12) to base 6
-1
3 (base 13) to base 9
3
Convert -1234 (base 5) to base 2.
-11000010
9c (base 13) to base 5
1004
2 (base 6) to base 13
2
35 (base 7) to base 11
24
What is -230 (base 4) in base 14?
-32
-166 (base 9) to base 12
-b9
Convert -74 (base 16) to base 10.
-116
-c (base 15) to base 8
-14
Convert 1 (base 6) to base 5.
1
What is 159 (base 11) in base 5?
1220
What is -d (base 15) in base 3?
-111
14 (base 10) to base 13
11
3 (base 6) to base 3
10
What is -10 (base 15) in base 2?
-1111
4 (base 14) to base 12
4
5 (base 9) to base 10
5
-26 (base 13) to base 10
-32
5 (base 10) to base 6
5
Convert -7 (base 12) to base 6.
-11
What is 3 (base 5) in base 6?
3
-17 (base 9) to base 7
-22
What is 0 (base 11) in base 16?
0
1b (base 13) to base 15
19
What is -12 (base 4) in base 13?
-6
-23 (base 6) to base 8
-17
What is 324 (base 9) in base 6?
1121
27 (base 8) to base 6
35
Convert 1100 (base 3) to base 12.
30
Convert -4 (base 16) to base 4.
-10
What is 36 (base 15) in base 3?
1220
21 (base 5) to base 11
10
Convert 2313 (base 5) to base 4.
11031
What is -202 (base 5) in base 10?
-52
What is 2200 (base 3) in base 5?
242
Convert -5 (base 6) to base 14.
-5